{"id":183,"date":"2024-04-27T00:57:46","date_gmt":"2024-04-26T22:57:46","guid":{"rendered":"https:\/\/betizfest.org\/?page_id=183"},"modified":"2025-04-18T17:02:21","modified_gmt":"2025-04-18T15:02:21","slug":"partenaires","status":"publish","type":"page","link":"https:\/\/betizfest.info\/index.php\/partenaires\/","title":{"rendered":"PARTENAIRES"},"content":{"rendered":"\t\t<div data-elementor-type=\"wp-page\" data-elementor-id=\"183\" class=\"elementor elementor-183\">\n\t\t\t\t\t\t<section class=\"elementor-section elementor-top-section elementor-element elementor-element-c528111 elementor-section-boxed elementor-section-height-default elementor-section-height-default\" data-id=\"c528111\" data-element_type=\"section\">\n\t\t\t\t\t\t<div class=\"elementor-container elementor-column-gap-default\">\n\t\t\t\t\t<div class=\"elementor-column elementor-col-100 elementor-top-column elementor-element elementor-element-bc9cc15\" data-id=\"bc9cc15\" data-element_type=\"column\">\n\t\t\t<div class=\"elementor-widget-wrap elementor-element-populated\">\n\t\t\t\t\t\t<div class=\"elementor-element elementor-element-6894857 elementor-widget elementor-widget-heading\" data-id=\"6894857\" data-element_type=\"widget\" data-widget_type=\"heading.default\">\n\t\t\t\t<div class=\"elementor-widget-container\">\n\t\t\t<style>\/*! elementor - v3.21.0 - 24-04-2024 *\/\n.elementor-heading-title{padding:0;margin:0;line-height:1}.elementor-widget-heading .elementor-heading-title[class*=elementor-size-]>a{color:inherit;font-size:inherit;line-height:inherit}.elementor-widget-heading .elementor-heading-title.elementor-size-small{font-size:15px}.elementor-widget-heading .elementor-heading-title.elementor-size-medium{font-size:19px}.elementor-widget-heading .elementor-heading-title.elementor-size-large{font-size:29px}.elementor-widget-heading .elementor-heading-title.elementor-size-xl{font-size:39px}.elementor-widget-heading .elementor-heading-title.elementor-size-xxl{font-size:59px}<\/style><h2 class=\"elementor-heading-title elementor-size-default\"><span style=\"color:#FFC620;\">NOS PARTENAIRES<\/span> DU BETIZFEST<\/h2>\t\t<\/div>\n\t\t\t\t<\/div>\n\t\t\t\t<div class=\"elementor-element elementor-element-fe52051 elementor-widget elementor-widget-image\" data-id=\"fe52051\" data-element_type=\"widget\" data-widget_type=\"image.default\">\n\t\t\t\t<div class=\"elementor-widget-container\">\n\t\t\t<style>\/*! elementor - v3.21.0 - 24-04-2024 *\/\n.elementor-widget-image{text-align:center}.elementor-widget-image a{display:inline-block}.elementor-widget-image a img[src$=\".svg\"]{width:48px}.elementor-widget-image img{vertical-align:middle;display:inline-block}<\/style>\t\t\t\t\t\t\t\t\t\t<img fetchpriority=\"high\" decoding=\"async\" width=\"1024\" height=\"955\" src=\"https:\/\/betizfest.info\/wp-content\/uploads\/2024\/04\/Capture-decran-2024-04-27-a-00.56.48-1024x955.jpg\" class=\"attachment-large size-large wp-image-186\" alt=\"\" srcset=\"https:\/\/betizfest.info\/wp-content\/uploads\/2024\/04\/Capture-decran-2024-04-27-a-00.56.48-1024x955.jpg 1024w, https:\/\/betizfest.info\/wp-content\/uploads\/2024\/04\/Capture-decran-2024-04-27-a-00.56.48-300x280.jpg 300w, https:\/\/betizfest.info\/wp-content\/uploads\/2024\/04\/Capture-decran-2024-04-27-a-00.56.48-768x716.jpg 768w, https:\/\/betizfest.info\/wp-content\/uploads\/2024\/04\/Capture-decran-2024-04-27-a-00.56.48-1536x1433.jpg 1536w, https:\/\/betizfest.info\/wp-content\/uploads\/2024\/04\/Capture-decran-2024-04-27-a-00.56.48.jpg 1604w\" sizes=\"(max-width: 1024px) 100vw, 1024px\" \/>\t\t\t\t\t\t\t\t\t\t\t\t\t<\/div>\n\t\t\t\t<\/div>\n\t\t\t\t<div class=\"elementor-element elementor-element-31d44b4 elementor-widget elementor-widget-text-editor\" data-id=\"31d44b4\" data-element_type=\"widget\" data-widget_type=\"text-editor.default\">\n\t\t\t\t<div class=\"elementor-widget-container\">\n\t\t\t<style>\/*! elementor - v3.21.0 - 24-04-2024 *\/\n.elementor-widget-text-editor.elementor-drop-cap-view-stacked .elementor-drop-cap{background-color:#69727d;color:#fff}.elementor-widget-text-editor.elementor-drop-cap-view-framed .elementor-drop-cap{color:#69727d;border:3px solid;background-color:transparent}.elementor-widget-text-editor:not(.elementor-drop-cap-view-default) .elementor-drop-cap{margin-top:8px}.elementor-widget-text-editor:not(.elementor-drop-cap-view-default) .elementor-drop-cap-letter{width:1em;height:1em}.elementor-widget-text-editor .elementor-drop-cap{float:left;text-align:center;line-height:1;font-size:50px}.elementor-widget-text-editor .elementor-drop-cap-letter{display:inline-block}<\/style>\t\t\t\t<p>Grand merci \u00e0 nos partenaires publics et priv\u00e9s qui suivent et supportent l&rsquo;\u00e9v\u00e8nement depuis de nombreuses ann\u00e9es. La ville de Cambrai, R\u00e9gion Hauts-de-France, leD\u00e9partement du Nord, le Service Enfance et Jeunesse de Cambrai, la SACEM, Le-Labo Cambrai, soci\u00e9t\u00e9 Cathelain, les B\u00eatises de Cambrai Despinoy, le fanzine Heretik, Useless Pride merch, Radio Metal, Metal&rsquo;Obs, Metalorgie, LS Solution, Kokomo, Le Boca Caf\u00e9, Le Garage Caf\u00e9, La Distillerie, Le Gramophone, le Metropolitain, The Black Lab, \u2026<\/p>\t\t\t\t\t\t<\/div>\n\t\t\t\t<\/div>\n\t\t\t\t\t<\/div>\n\t\t<\/div>\n\t\t\t\t\t<\/div>\n\t\t<\/section>\n\t\t\t\t<section class=\"elementor-section elementor-top-section elementor-element elementor-element-4fd33b9 elementor-section-boxed elementor-section-height-default elementor-section-height-default\" data-id=\"4fd33b9\" data-element_type=\"section\">\n\t\t\t\t\t\t<div class=\"elementor-container elementor-column-gap-default\">\n\t\t\t\t\t<div class=\"elementor-column elementor-col-100 elementor-top-column elementor-element elementor-element-49d2cc5\" data-id=\"49d2cc5\" data-element_type=\"column\">\n\t\t\t<div class=\"elementor-widget-wrap elementor-element-populated\">\n\t\t\t\t\t\t<div class=\"elementor-element elementor-element-0170f86 elementor-widget elementor-widget-image\" data-id=\"0170f86\" data-element_type=\"widget\" data-widget_type=\"image.default\">\n\t\t\t\t<div class=\"elementor-widget-container\">\n\t\t\t\t\t\t\t\t\t\t\t\t\t<img decoding=\"async\" width=\"1024\" height=\"682\" src=\"https:\/\/betizfest.info\/wp-content\/uploads\/2024\/04\/Capture-decran-2024-04-27-a-00.49.13-1024x682.jpg\" class=\"attachment-large size-large wp-image-170\" alt=\"\" srcset=\"https:\/\/betizfest.info\/wp-content\/uploads\/2024\/04\/Capture-decran-2024-04-27-a-00.49.13-1024x682.jpg 1024w, https:\/\/betizfest.info\/wp-content\/uploads\/2024\/04\/Capture-decran-2024-04-27-a-00.49.13-300x200.jpg 300w, https:\/\/betizfest.info\/wp-content\/uploads\/2024\/04\/Capture-decran-2024-04-27-a-00.49.13-768x512.jpg 768w, https:\/\/betizfest.info\/wp-content\/uploads\/2024\/04\/Capture-decran-2024-04-27-a-00.49.13-1536x1023.jpg 1536w, https:\/\/betizfest.info\/wp-content\/uploads\/2024\/04\/Capture-decran-2024-04-27-a-00.49.13.jpg 1810w\" sizes=\"(max-width: 1024px) 100vw, 1024px\" \/>\t\t\t\t\t\t\t\t\t\t\t\t\t<\/div>\n\t\t\t\t<\/div>\n\t\t\t\t\t<\/div>\n\t\t<\/div>\n\t\t\t\t\t<\/div>\n\t\t<\/section>\n\t\t\t\t<\/div>\n\t\t","protected":false},"excerpt":{"rendered":"<p>NOS PARTENAIRES DU BETIZFEST Grand merci \u00e0 nos partenaires publics et priv\u00e9s qui suivent et supportent l&rsquo;\u00e9v\u00e8nement depuis de nombreuses [&hellip;]<\/p>\n","protected":false},"author":1,"featured_media":0,"parent":0,"menu_order":0,"comment_status":"closed","ping_status":"closed","template":"","meta":{"site-sidebar-layout":"no-sidebar","site-content-layout":"","ast-site-content-layout":"full-width-container","site-content-style":"default","site-sidebar-style":"default","ast-global-header-display":"","ast-banner-title-visibility":"","ast-main-header-display":"","ast-hfb-above-header-display":"","ast-hfb-below-header-display":"","ast-hfb-mobile-header-display":"","site-post-title":"disabled","ast-breadcrumbs-content":"","ast-featured-img":"disabled","footer-sml-layout":"","theme-transparent-header-meta":"","adv-header-id-meta":"","stick-header-meta":"","header-above-stick-meta":"","header-main-stick-meta":"","header-below-stick-meta":"","astra-migrate-meta-layouts":"default","ast-page-background-enabled":"default","ast-page-background-meta":{"desktop":{"background-color":"var(--ast-global-color-4)","background-image":"","background-repeat":"repeat","background-position":"center center","background-size":"auto","background-attachment":"scroll","background-type":"","background-media":"","overlay-type":"","overlay-color":"","overlay-gradient":""},"tablet":{"background-color":"","background-image":"","background-repeat":"repeat","background-position":"center center","background-size":"auto","background-attachment":"scroll","background-type":"","background-media":"","overlay-type":"","overlay-color":"","overlay-gradient":""},"mobile":{"background-color":"","background-image":"","background-repeat":"repeat","background-position":"center center","background-size":"auto","background-attachment":"scroll","background-type":"","background-media":"","overlay-type":"","overlay-color":"","overlay-gradient":""}},"ast-content-background-meta":{"desktop":{"background-color":"var(--ast-global-color-5)","background-image":"","background-repeat":"repeat","background-position":"center center","background-size":"auto","background-attachment":"scroll","background-type":"","background-media":"","overlay-type":"","overlay-color":"","overlay-gradient":""},"tablet":{"background-color":"var(--ast-global-color-5)","background-image":"","background-repeat":"repeat","background-position":"center center","background-size":"auto","background-attachment":"scroll","background-type":"","background-media":"","overlay-type":"","overlay-color":"","overlay-gradient":""},"mobile":{"background-color":"var(--ast-global-color-5)","background-image":"","background-repeat":"repeat","background-position":"center center","background-size":"auto","background-attachment":"scroll","background-type":"","background-media":"","overlay-type":"","overlay-color":"","overlay-gradient":""}},"footnotes":""},"class_list":["post-183","page","type-page","status-publish","hentry"],"yoast_head":"<!-- This site is optimized with the Yoast SEO plugin v22.5 - https:\/\/yoast.com\/wordpress\/plugins\/seo\/ -->\n<title>PARTENAIRES - BETIZFEST<\/title>\n<meta name=\"robots\" content=\"index, follow, max-snippet:-1, max-image-preview:large, max-video-preview:-1\" \/>\n<link rel=\"canonical\" href=\"https:\/\/betizfest.info\/index.php\/partenaires\/\" \/>\n<meta property=\"og:locale\" content=\"fr_FR\" \/>\n<meta property=\"og:type\" content=\"article\" \/>\n<meta property=\"og:title\" content=\"PARTENAIRES - BETIZFEST\" \/>\n<meta property=\"og:description\" content=\"NOS PARTENAIRES DU BETIZFEST Grand merci \u00e0 nos partenaires publics et priv\u00e9s qui suivent et supportent l&rsquo;\u00e9v\u00e8nement depuis de nombreuses [&hellip;]\" \/>\n<meta property=\"og:url\" content=\"https:\/\/betizfest.info\/index.php\/partenaires\/\" \/>\n<meta property=\"og:site_name\" content=\"BETIZFEST\" \/>\n<meta property=\"article:publisher\" content=\"https:\/\/www.facebook.com\/betizfest\/?locale=fr_FR\" \/>\n<meta property=\"article:modified_time\" content=\"2025-04-18T15:02:21+00:00\" \/>\n<meta property=\"og:image\" content=\"https:\/\/betizfest.info\/wp-content\/uploads\/2024\/04\/Capture-decran-2024-04-27-a-00.56.48-1024x955.jpg\" \/>\n<meta name=\"twitter:card\" content=\"summary_large_image\" \/>\n<meta name=\"twitter:label1\" content=\"Dur\u00e9e de lecture estim\u00e9e\" \/>\n\t<meta name=\"twitter:data1\" content=\"1 minute\" \/>\n<script type=\"application\/ld+json\" class=\"yoast-schema-graph\">{\"@context\":\"https:\/\/schema.org\",\"@graph\":[{\"@type\":\"WebPage\",\"@id\":\"https:\/\/betizfest.info\/index.php\/partenaires\/\",\"url\":\"https:\/\/betizfest.info\/index.php\/partenaires\/\",\"name\":\"PARTENAIRES - BETIZFEST\",\"isPartOf\":{\"@id\":\"https:\/\/betizfest.info\/#website\"},\"primaryImageOfPage\":{\"@id\":\"https:\/\/betizfest.info\/index.php\/partenaires\/#primaryimage\"},\"image\":{\"@id\":\"https:\/\/betizfest.info\/index.php\/partenaires\/#primaryimage\"},\"thumbnailUrl\":\"https:\/\/betizfest.info\/wp-content\/uploads\/2024\/04\/Capture-decran-2024-04-27-a-00.56.48-1024x955.jpg\",\"datePublished\":\"2024-04-26T22:57:46+00:00\",\"dateModified\":\"2025-04-18T15:02:21+00:00\",\"breadcrumb\":{\"@id\":\"https:\/\/betizfest.info\/index.php\/partenaires\/#breadcrumb\"},\"inLanguage\":\"fr-FR\",\"potentialAction\":[{\"@type\":\"ReadAction\",\"target\":[\"https:\/\/betizfest.info\/index.php\/partenaires\/\"]}]},{\"@type\":\"ImageObject\",\"inLanguage\":\"fr-FR\",\"@id\":\"https:\/\/betizfest.info\/index.php\/partenaires\/#primaryimage\",\"url\":\"https:\/\/betizfest.info\/wp-content\/uploads\/2024\/04\/Capture-decran-2024-04-27-a-00.56.48.jpg\",\"contentUrl\":\"https:\/\/betizfest.info\/wp-content\/uploads\/2024\/04\/Capture-decran-2024-04-27-a-00.56.48.jpg\",\"width\":1604,\"height\":1496},{\"@type\":\"BreadcrumbList\",\"@id\":\"https:\/\/betizfest.info\/index.php\/partenaires\/#breadcrumb\",\"itemListElement\":[{\"@type\":\"ListItem\",\"position\":1,\"name\":\"Accueil\",\"item\":\"https:\/\/betizfest.info\/\"},{\"@type\":\"ListItem\",\"position\":2,\"name\":\"PARTENAIRES\"}]},{\"@type\":\"WebSite\",\"@id\":\"https:\/\/betizfest.info\/#website\",\"url\":\"https:\/\/betizfest.info\/\",\"name\":\"BETIZFEST\",\"description\":\"Festival \u00e0 Cambrai\",\"publisher\":{\"@id\":\"https:\/\/betizfest.info\/#organization\"},\"potentialAction\":[{\"@type\":\"SearchAction\",\"target\":{\"@type\":\"EntryPoint\",\"urlTemplate\":\"https:\/\/betizfest.info\/?s={search_term_string}\"},\"query-input\":\"required name=search_term_string\"}],\"inLanguage\":\"fr-FR\"},{\"@type\":\"Organization\",\"@id\":\"https:\/\/betizfest.info\/#organization\",\"name\":\"BETIZFEST\",\"url\":\"https:\/\/betizfest.info\/\",\"logo\":{\"@type\":\"ImageObject\",\"inLanguage\":\"fr-FR\",\"@id\":\"https:\/\/betizfest.info\/#\/schema\/logo\/image\/\",\"url\":\"https:\/\/betizfest.info\/wp-content\/uploads\/2024\/04\/logo.png\",\"contentUrl\":\"https:\/\/betizfest.info\/wp-content\/uploads\/2024\/04\/logo.png\",\"width\":262,\"height\":262,\"caption\":\"BETIZFEST\"},\"image\":{\"@id\":\"https:\/\/betizfest.info\/#\/schema\/logo\/image\/\"},\"sameAs\":[\"https:\/\/www.facebook.com\/betizfest\/?locale=fr_FR\",\"https:\/\/www.instagram.com\/betizfest_officiel\/\",\"https:\/\/www.youtube.com\/user\/betizfest\"]}]}<\/script>\n<!-- \/ Yoast SEO plugin. -->","yoast_head_json":{"title":"PARTENAIRES - BETIZFEST","robots":{"index":"index","follow":"follow","max-snippet":"max-snippet:-1","max-image-preview":"max-image-preview:large","max-video-preview":"max-video-preview:-1"},"canonical":"https:\/\/betizfest.info\/index.php\/partenaires\/","og_locale":"fr_FR","og_type":"article","og_title":"PARTENAIRES - BETIZFEST","og_description":"NOS PARTENAIRES DU BETIZFEST Grand merci \u00e0 nos partenaires publics et priv\u00e9s qui suivent et supportent l&rsquo;\u00e9v\u00e8nement depuis de nombreuses [&hellip;]","og_url":"https:\/\/betizfest.info\/index.php\/partenaires\/","og_site_name":"BETIZFEST","article_publisher":"https:\/\/www.facebook.com\/betizfest\/?locale=fr_FR","article_modified_time":"2025-04-18T15:02:21+00:00","og_image":[{"url":"https:\/\/betizfest.info\/wp-content\/uploads\/2024\/04\/Capture-decran-2024-04-27-a-00.56.48-1024x955.jpg"}],"twitter_card":"summary_large_image","twitter_misc":{"Dur\u00e9e de lecture estim\u00e9e":"1 minute"},"schema":{"@context":"https:\/\/schema.org","@graph":[{"@type":"WebPage","@id":"https:\/\/betizfest.info\/index.php\/partenaires\/","url":"https:\/\/betizfest.info\/index.php\/partenaires\/","name":"PARTENAIRES - BETIZFEST","isPartOf":{"@id":"https:\/\/betizfest.info\/#website"},"primaryImageOfPage":{"@id":"https:\/\/betizfest.info\/index.php\/partenaires\/#primaryimage"},"image":{"@id":"https:\/\/betizfest.info\/index.php\/partenaires\/#primaryimage"},"thumbnailUrl":"https:\/\/betizfest.info\/wp-content\/uploads\/2024\/04\/Capture-decran-2024-04-27-a-00.56.48-1024x955.jpg","datePublished":"2024-04-26T22:57:46+00:00","dateModified":"2025-04-18T15:02:21+00:00","breadcrumb":{"@id":"https:\/\/betizfest.info\/index.php\/partenaires\/#breadcrumb"},"inLanguage":"fr-FR","potentialAction":[{"@type":"ReadAction","target":["https:\/\/betizfest.info\/index.php\/partenaires\/"]}]},{"@type":"ImageObject","inLanguage":"fr-FR","@id":"https:\/\/betizfest.info\/index.php\/partenaires\/#primaryimage","url":"https:\/\/betizfest.info\/wp-content\/uploads\/2024\/04\/Capture-decran-2024-04-27-a-00.56.48.jpg","contentUrl":"https:\/\/betizfest.info\/wp-content\/uploads\/2024\/04\/Capture-decran-2024-04-27-a-00.56.48.jpg","width":1604,"height":1496},{"@type":"BreadcrumbList","@id":"https:\/\/betizfest.info\/index.php\/partenaires\/#breadcrumb","itemListElement":[{"@type":"ListItem","position":1,"name":"Accueil","item":"https:\/\/betizfest.info\/"},{"@type":"ListItem","position":2,"name":"PARTENAIRES"}]},{"@type":"WebSite","@id":"https:\/\/betizfest.info\/#website","url":"https:\/\/betizfest.info\/","name":"BETIZFEST","description":"Festival \u00e0 Cambrai","publisher":{"@id":"https:\/\/betizfest.info\/#organization"},"potentialAction":[{"@type":"SearchAction","target":{"@type":"EntryPoint","urlTemplate":"https:\/\/betizfest.info\/?s={search_term_string}"},"query-input":"required name=search_term_string"}],"inLanguage":"fr-FR"},{"@type":"Organization","@id":"https:\/\/betizfest.info\/#organization","name":"BETIZFEST","url":"https:\/\/betizfest.info\/","logo":{"@type":"ImageObject","inLanguage":"fr-FR","@id":"https:\/\/betizfest.info\/#\/schema\/logo\/image\/","url":"https:\/\/betizfest.info\/wp-content\/uploads\/2024\/04\/logo.png","contentUrl":"https:\/\/betizfest.info\/wp-content\/uploads\/2024\/04\/logo.png","width":262,"height":262,"caption":"BETIZFEST"},"image":{"@id":"https:\/\/betizfest.info\/#\/schema\/logo\/image\/"},"sameAs":["https:\/\/www.facebook.com\/betizfest\/?locale=fr_FR","https:\/\/www.instagram.com\/betizfest_officiel\/","https:\/\/www.youtube.com\/user\/betizfest"]}]}},"_links":{"self":[{"href":"https:\/\/betizfest.info\/index.php\/wp-json\/wp\/v2\/pages\/183","targetHints":{"allow":["GET"]}}],"collection":[{"href":"https:\/\/betizfest.info\/index.php\/wp-json\/wp\/v2\/pages"}],"about":[{"href":"https:\/\/betizfest.info\/index.php\/wp-json\/wp\/v2\/types\/page"}],"author":[{"embeddable":true,"href":"https:\/\/betizfest.info\/index.php\/wp-json\/wp\/v2\/users\/1"}],"replies":[{"embeddable":true,"href":"https:\/\/betizfest.info\/index.php\/wp-json\/wp\/v2\/comments?post=183"}],"version-history":[{"count":13,"href":"https:\/\/betizfest.info\/index.php\/wp-json\/wp\/v2\/pages\/183\/revisions"}],"predecessor-version":[{"id":522,"href":"https:\/\/betizfest.info\/index.php\/wp-json\/wp\/v2\/pages\/183\/revisions\/522"}],"wp:attachment":[{"href":"https:\/\/betizfest.info\/index.php\/wp-json\/wp\/v2\/media?parent=183"}],"curies":[{"name":"wp","href":"https:\/\/api.w.org\/{rel}","templated":true}]}}